ber?
False
Is 1372799 a composite number?
False
Is 817790527 prime?
True
Is 12500419 composite?
False
Is 425815487 a composite number?
False
Is 32734077 a composite number?
True
Is 20587579 a prime number?
False
Is 32116891 a prime number?
False
Is 9532381 a prime number?
False
Is 176849 a composite number?
False
Is 2733389 prime?
False
Is 1639706 a prime number?
False
Is 8440879 a composite number?
True
Is 82844231 prime?
False
Is 864659 a composite number?
True
Is 7239853 a prime number?
False
Is 71782049 a composite number?
False
Is 67602289 composite?
True
Is 75443 prime?
False
Is 15029347 a prime number?
True
Is 592897 composite?
False
Is 1099619 composite?
False
Is 36503323 a prime number?
False
Is 57282545 composite?
True
Is 1228837 a prime number?
True
Is 34256609 a prime number?
True
Is 35224907 composite?
False
Is 56011 a prime number?
False
Is 40597483 composite?
False
Is 1147297 a composite number?
False
Is 5363977 composite?
False
Is 5693185 composite?
True
Is 18954907 prime?
True
Is 1324187 prime?
True
Is 21611699 a composite number?
True
Is 51473999 a prime number?
True
Is 28034687 a composite number?
True
Is 4500401 composite?
False
Is 103042685 prime?
False
Is 186171439 prime?
False
Is 1305259 composite?
True
Is 880537699 prime?
True
Is 27582479 a prime number?
False
Is 10909231 a prime number?
True
Is 1479407 a composite number?
True
Is 34745863 composite?
True
Is 542407 composite?
True
Is 11643791 prime?
True
Is 158262257 prime?
True
Is 15377341 prime?
False
Is 4292131 prime?
False
Is 63807853 a prime number?
True
Is 31025143 a prime number?
True
Is 22308653 a composite number?
False
Is 64139 prime?
False
Is 65821993 a prime number?
False
Is 12300751 composite?
False
Is 90789187 a composite number?
True
Is 11706347 prime?
False
Is 312819007 composite?
False
Is 6193093 prime?
True
Is 288024701 a prime number?
True
Is 187743473 prime?
False
Is 905405 composite?
True
Is 31619 a composite number?
True
Is 107049551 prime?
False
Is 1550221 a prime number?
True
Is 116467811 composite?
False
Is 126702011 a prime number?
True
Is 6061421 a composite number?
False
Is 704426317 a composite number?
True
Is 21712819 composite?
False
Is 7722699 a composite number?
True
Is 15049499 a prime number?
True
Is 7650791 composite?
False
Is 3553601 composite?
False
Is 13725977 a composite number?
False
Is 6181223 composite?
False
Is 2750126 prime?
False
Is 1925269 composite?
True
Is 11586119 a composite number?
False
Is 24914614 a composite number?
True
Is 17289611 a composite number?
False
Is 106036531 a composite number?
True
Is 225034799 prime?
False
Is 140136577 a prime number?
False
Is 16749367 a composite number?
False
Is 1317737 a prime number?
False
Is 268648647 a prime number?
False
Is 993511 prime?
False
Is 9230867 a composite number?
False
Is 34114363 a composite number?
False
Is 30885178 a composite number?
True
Is 5033677 a composite number?
True
Is 182659181 composite?
False
Is 1355831 prime?
True
Is 387223 composite?
True
Is 545663 prime?
True
Is 5821637 composite?
False
Is 9603199 composite?
True
Is 61566157 prime?
True
Is 2854763 composite?
False
Is 394123 prime?
True
Is 12208181 prime?
False
Is 206355557 prime?
True
Is 13775557 a composite number?
True
Is 837569 prime?
False
Is 294719611 composite?
True
Is 3533567 a composite number?
True
Is 8898391 prime?
True
Is 32288413 a composite number?
False
Is 357047 a composite number?
False
Is 6543919 a prime number?
False
Is 6315359 prime?
False
Is 858167 a composite number?
False
Is 139989121 a composite number?
False
Is 73301041 composite?
True
Is 28928455 a composite number?
True
Is 74058389 prime?
True
Is 215878363 a composite number?
False
Is 103825877 a prime number?
False
Is 15110177 prime?
False
Is 3114737 a prime number?
False
Is 1461197 composite?
True
Is 18310823 composite?
False
Is 11740967 a composite number?
True
Is 14143511 a composite number?
True
Is 12576757 composite?
False
Is 132433283 prime?
True
Is 494820763 a composite number?
False
Is 262084627 a prime number?
False
Is 31962607 a composite number?
False
Is 59038207 prime?
True
Is 4592387 prime?
False
Is 530981 a composite number?
True
Is 30321887 composite?
False
Is 86461463 a composite number?
True
Is 421955119 prime?
True
Is 51047929 a prime number?
True
Is 6963179 a prime number?
True
Is 1872781 a prime number?
False
Is 289907 prime?
False
Is 3738091 a prime number?
False
Is 11987245 composite?
True
Is 6406051 a composite number?
False
Is 112295501 a prime number?
False
Is 91624523 a composite number?
False
Is 5963857 prime?
True
Is 12777041 prime?
True
Is 2385907 prime?
True
Is 908053 a prime number?
True
Is 51480911 a composite number?
False
Is 1034179 a composite number?
True
Is 2430061 prime?
True
Is 68867921 a composite number?
False
Is 36700913 a composite number?
True
Is 2157553 a composite number?
True
Is 9571547 composite?
False
Is 523314359 a composite number?
True
Is 48840709 composite?
False
Is 155117717 composite?
False
Is 1304789777 composite?
True
Is 4032947 a prime number?
True
Is 43012317 composite?
True
Is 206009 a prime number?
True
Is 1849949 composite?
True
Is 659453 a prime number?
True
Is 4921915 composite?
True
Is 8033779 composite?
True
Is 131723 prime?
False
Is 9856061 composite?
False
Is 1609909343 prime?
False
Is 55547 a prime number?
True
Is 701057 composite?
True
Is 20014721 composite?
False
Is 1475069 a composite number?
True
Is 624190837 a composite number?
False
Is 2540843 a prime number?
False
Is 1816301 prime?
True
Is 18119 prime?
True
Is 17747 prime?
True
Is 57606515 composite?
True
Is 9381389 composite?
False
Is 14421737 a composite number?
True
Is 25868009 a prime number?
True
Is 11649809 prime?
True
Is 2042939 prime?
False
Is 1503637 a composite number?
False
Is 3673921 composite?
True
Is 28355461 a composite number?
False
Is 14140589 a composite number?
True
Is 259053 composite?
True
Is 240099235 prime?
False
Is 199054991 prime?
True
Is 939089 prime?
True
Is 60434917 prime?
True
Is 1200457 a composite number?
True
Is 430357 prime?
True
Is 79163723 prime?
False
Is 148839409 composite?
False
Is 414627971 a prime number?
False
Is 99759103 a composite number?
False
Is 28993043 a composite number?
False
Is 788119 prime?
False
Is 20178385 composite?
True
Is 36145183 prime?
True
Is 852937 a prime number?
True
Is 6269909 a prime number?
False
Is 1166233 composite?
True
Is 523037 composite?
True
Is 1219549 a composite number?
False
Is 795299 composite?
False
Is 7105577 composite?
True
Is 4272577 a composite number?
True
Is 4794523 a composite number?
False
Is 765386 a prime number?
False
Is 577781 composite?
False
Is 1765763 a prime number?
False
Is 7014347 composite?
False
Is 15799451 a composite number?
False
Is 1203257 prime?
False
Is 344017 a composite number?
False
Is 55383667 prime?
True
Is 1895861 a prime number?
False
Is 613141 a prime number?
True
Is 195907 prime?
True
Is 1336667 a composite number?
True
Is 7552301 composite?
True
Is 528783 a composite number?
True
Is 965881 a prime number?
False
Is 8589733 prime?
True
Is 110748223 prime?
True
Is 15685219 a composite number?
True
Is 343716557 prime?
False
Is 9093871 a prime number?
True
Is 8609767 prime?
False
Is 5381119 prime?
False
Is 32207338 a prime number?
False
Is 450611 a prime number?
False
Is 4428607 prime?
True
Is 2275699 prime?
False
Is 4112941 a prime number?
False
Is 2909153 a prime number?
False
Is 3538459 a composite number?
True
Is 3698755 composite?
True
Is 1249319 a prime number?
True
Is 9806729 a prime number?
True
Is 317650409 composite?
False
Is 1265816977 prime?
True
Is 289627237 composite?
False
Is 25364137 a prime number?
True
Is 9135887 composite?
True
Is 36405697 a prime number?
False
Is 89378519 a composite number?
False
Is 240995831 a prime number?
True
Is 3960367 composite?
False
Is 367871089 prime?
False
Is 93130523 composite?
False
Is 88993613 a composite number?
False
Is 2225729 composite?
True
Is 31091 a prime number?
True
Is 4873859 a prime number?
True
Is 8696837 prime?
True
Is 35330377 a composite number?
False
Is 24886157 a prime number?
False
Is 98400271 composite?
False
Is 9418207 a composite number?
True
Is 447541 a prime number?
True
Is 142892083 composite?
False
Is 724303829 